de 30300?
True
Does 8 divide 58583?
False
Is 44 a factor of 1266552?
False
Is 382484 a multiple of 91?
False
Is 602376 a multiple of 114?
True
Is 209291 a multiple of 217?
False
Is 5 a factor of 16385?
True
Is 71590 a multiple of 19?
False
Does 10 divide 702550?
True
Is 178 a factor of 4400463?
False
Does 10 divide 258100?
True
Does 55 divide 869811?
False
Does 213 divide 560987?
False
Is 2878077 a multiple of 333?
False
Is 26 a factor of 558558?
True
Is 78 a factor of 172692?
True
Does 1618 divide 11220011?
False
Does 320 divide 975360?
True
Is 168 a factor of 239232?
True
Is 68 a factor of 146268?
True
Is 16676562 a multiple of 393?
True
Does 215 divide 7972?
False
Does 21 divide 1130221?
False
Does 26 divide 512850?
True
Is 16 a factor of 328686?
False
Is 886451 a multiple of 44?
False
Does 90 divide 70072?
False
Is 1272768 a multiple of 192?
True
Is 12 a factor of 52428?
True
Is 9 a factor of 59328?
True
Is 111 a factor of 94683?
True
Is 13895013 a multiple of 27?
False
Is 176263 a multiple of 15?
False
Is 2538310 a multiple of 151?
True
Does 290 divide 427581?
False
Does 54 divide 45792?
True
Does 19 divide 222756?
True
Does 16 divide 4586?
False
Is 11 a factor of 152779?
True
Is 1318895 a multiple of 67?
True
Is 93 a factor of 13412874?
False
Does 258 divide 1333980?
False
Is 3257465 a multiple of 109?
True
Does 514 divide 19351020?
False
Does 211 divide 1259248?
True
Does 28 divide 396395?
False
Is 935780 a multiple of 142?
True
Is 10 a factor of 474790?
True
Is 527998 a multiple of 47?
True
Is 31 a factor of 20663?
False
Is 17 a factor of 2377656?
False
Is 36264 a multiple of 3?
True
Is 89 a factor of 11143067?
True
Is 41851 a multiple of 19?
False
Is 5352328 a multiple of 8?
True
Is 65 a factor of 24687?
False
Does 30 divide 121788?
False
Does 568 divide 9534534?
False
Is 212354 a multiple of 59?
False
Is 3636490 a multiple of 110?
True
Does 44 divide 207504?
True
Is 19 a factor of 26930714?
True
Does 216 divide 15336?
True
Does 10 divide 296050?
True
Is 9 a factor of 16136356?
False
Is 5321084 a multiple of 28?
False
Does 9 divide 380899?
False
Is 117 a factor of 1016145?
True
Does 66 divide 98934?
True
Does 226 divide 732014?
True
Is 5 a factor of 61117?
False
Is 2624128 a multiple of 23?
False
Is 239 a factor of 3324012?
True
Does 43 divide 362361?
True
Is 29 a factor of 7047?
True
Is 12 a factor of 28680?
True
Does 286 divide 10585050?
False
Is 10 a factor of 2797140?
True
Is 10 a factor of 6561946?
False
Is 15 a factor of 3201823?
False
Does 4 divide 1686912?
True
Is 481316 a multiple of 11?
True
Is 11671180 a multiple of 10?
True
Is 672 a factor of 997063?
False
Does 44 divide 7524?
True
Is 37 a factor of 1024981?
False
Is 457976 a multiple of 38?
True
Is 1227 a factor of 5238063?
True
Does 119 divide 157325?
False
Is 61200 a multiple of 36?
True
Is 258122 a multiple of 7?
False
Is 7111692 a multiple of 138?
True
Does 558 divide 545166?
True
Is 614 a factor of 2314364?
False
Does 132 divide 91212?
True
Does 298 divide 937769?
False
Is 2489769 a multiple of 34?
False
Is 131838 a multiple of 42?
True
Is 1927369 a multiple of 1189?
True
Is 191 a factor of 7925163?
True
Is 79506 a multiple of 18?
True
Does 416 divide 846560?
True
Is 1003 a multiple of 17?
True
Is 523618 a multiple of 482?
False
Is 1416207 a multiple of 39?
True
Is 379154 a multiple of 27?
False
Is 3778802 a multiple of 130?
False
Does 51 divide 71210?
False
Does 2 divide 74685?
False
Is 61 a factor of 24522?
True
Is 186 a factor of 8782548?
True
Does 5 divide 79395?
True
Is 23958 a multiple of 11?
True
Is 1920161 a multiple of 54?
False
Is 297 a factor of 1250136?
False
Is 308484 a multiple of 627?
True
Does 81 divide 3135348?
True
Does 278 divide 69548?
False
Does 8 divide 1140284?
False
Does 58 divide 46052?
True
Is 568 a factor of 373895?
False
Is 10 a factor of 599040?
True
Is 1177153 a multiple of 94?
False
Is 4342402 a multiple of 64?
False
Does 76 divide 3092060?
True
Does 25 divide 42625?
True
Does 74 divide 286467?
False
Is 7922440 a multiple of 212?
True
Is 77615 a multiple of 215?
True
Does 305 divide 268705?
True
Does 5 divide 103160?
True
Does 128 divide 388736?
True
Is 10321782 a multiple of 120?
False
Is 123794 a multiple of 34?
True
Is 19 a factor of 7184660?
True
Is 2631522 a multiple of 28?
False
Is 81 a factor of 11539886?
False
Is 6 a factor of 157800?
True
Does 530 divide 2014000?
True
Is 10126060 a multiple of 958?
True
Is 10340484 a multiple of 31?
True
Is 46192 a multiple of 51?
False
Is 538 a factor of 1569438?
False
Is 16 a factor of 308086?
False
Is 275400 a multiple of 46?
False
Is 183 a factor of 2036607?
True
Is 29421 a multiple of 7?
True
Does 34 divide 1996616?
True
Is 344 a factor of 586176?
True
Does 250 divide 1025918?
False
Does 51 divide 174318?
True
Does 19 divide 160816?
True
Is 120 a factor of 840480?
True
Is 128237 a multiple of 166?
False
Is 92232 a multiple of 28?
True
Is 10 a factor of 657180?
True
Does 300 divide 8430600?
True
Is 3801570 a multiple of 662?
False
Is 7 a factor of 219191?
True
Does 954 divide 2799509?
False
Does 23 divide 1877743?
True
Is 2810099 a multiple of 18?
False
Is 47724 a multiple of 93?
False
Is 975185 a multiple of 71?
True
Is 11894228 a multiple of 19?
True
Does 304 divide 100624?
True
Is 642041 a multiple of 139?
True
Is 71104 a multiple of 4?
True
Does 315 divide 454802?
False
Is 90 a factor of 3665402?
False
Is 30 a factor of 99834?
False
Is 170009 a multiple of 13?
False
Is 263400 a multiple of 10?
True
Is 13288254 a multiple of 114?
False
Is 91485 a multiple of 9?
True
Does 50 divide 144600?
True
Is 863453 a multiple of 57?
False
Is 49 a factor of 25676?
True
Is 89 a factor of 1040349?
False
Is 12 a factor of 8652924?
True
Is 1491594 a multiple of 1014?
True
Is 6 a factor of 1057621?
False
Is 54 a factor of 11105640?
True
Is 140071 a multiple of 4?
False
Does 85 divide 3914930?
True
Is 314 a factor of 1732338?
True
Is 119 a factor of 1437758?
True
Is 44 a factor of 12822358?
False
Is 116490 a multiple of 55?
True
Is 11 a factor of 186807?
False
Is 4528582 a multiple of 29?
True
Is 154289 a multiple of 13?
False
Does 75 divide 105450?
True
Is 18 a factor of 475910?
False
Is 17 a factor of 465358?
True
Does 76 divide 2445207?
False
Is 1398952 a multiple of 11?
False
Is 550912 a multiple of 1024?
True
Is 1788 a multiple of 6?
True
Is 29 a factor of 689939?
True
Is 9 a factor of 162348?
False
Is 208898 even?
True
Is 251220 a multiple of 20?
True
Does 481 divide 766233?
True
Is 10343110 a multiple of 970?
True
Is 114 a factor of 16188?
True
Is 12 a factor of 620213?
False
Is 659512 a multiple of 8?
True
Is 31 a factor of 4582637?
True
Is 265044 a multiple of 6?
True
Is 4 a factor of 93097?
False
Is 402 a factor of 277636?
False
Is 113348 a multiple of 37?
False
Is 717419 a multiple of 10?
False
Is 14860485 a multiple of 1697?
False
Is 1531116 a multiple of 36?
True
Is 38827 a multiple of 5?
False
Is 272174 a multiple of 21?
False
Does 65 divide 16749777?
False
Does 133 divide 240996?
True
Is 141 a factor of 538305?
False
Does 562 divide 6553460?
False
Is 17914506 a multiple of 10?
False
Is 278 a factor of 9075970?
False
Is 18080880 a multiple of 8?
True
Is 12 a factor of 38376?
True
Is 392663 a multiple of 508?
False
Is 14 a factor of 1876196?
True
Is 133 a factor of 1036602?
True
Is 51308 a multiple of 6?
False
Does 28 divide 1792?
True
Is 311 a factor of 375082?
False
Is 3902826 a multiple of 461?
True
Does 489 divide 4788288?
True
Does 66 divide 86448?
False
Is 11 a factor of 11297?
True
Is 228805 a multiple of 335?
True
Does 144 divide 284332?
False
Is 31454 a multiple of 18?
False
Is 78208 a multiple of 5?
False
Does 3 divide 1672656?
True
Is 125764 a multiple of 14?
False
Is 43792 a multiple of 34?
True
Is 7 a factor of 1008119?
True
Does 186 divide 3225798?
True
Does 9 divide 15125?
False
Is 27 a factor of 1175256?
True
Does 19 divide 617937?
True
Does 15 divide 9574997?
False
Is 3532977 a multiple of 279?
True
Is 673373 a multiple of 16?
False
Does 29 divide 845611?
True
Is 56 a factor of 13143536?
True
Is 35128 a multiple of 11?
False
Does 14 divide 147812?
True
Is 289280 a multiple of 256?
True
Is 35532 a multiple of 28?
True
Does 320 divide 2467574?
False
Is 207 a factor of 16323